or of 1978 and 230.
46
Calculate the highest common factor of 3620 and 20.
20
What is the greatest common divisor of 336 and 144?
48
What is the highest common divisor of 4307 and 118?
59
Calculate the highest common factor of 78 and 1274.
26
What is the greatest common divisor of 2975 and 2261?
119
Calculate the highest common divisor of 377 and 338.
13
Calculate the highest common factor of 20 and 208.
4
Calculate the greatest common factor of 5 and 2.
1
What is the greatest common divisor of 3406 and 78?
26
What is the greatest common factor of 112 and 504?
56
Calculate the highest common factor of 4 and 26324.
4
Calculate the highest common factor of 3586 and 66.
22
What is the highest common divisor of 176 and 209?
11
Calculate the highest common factor of 2665 and 1025.
205
What is the greatest common divisor of 84 and 3804?
12
Calculate the greatest common factor of 376 and 16.
8
Calculate the greatest common divisor of 294 and 126.
42
Calculate the highest common divisor of 48 and 208.
16
Calculate the highest common factor of 65 and 117.
13
What is the highest common factor of 450 and 2475?
225
What is the highest common divisor of 66 and 22?
22
What is the greatest common factor of 136 and 424?
8
What is the greatest common divisor of 1209 and 13?
13
Calculate the greatest common divisor of 13398 and 77.
77
Calculate the highest common divisor of 286 and 22.
22
What is the greatest common divisor of 27080 and 40?
40
Calculate the greatest common divisor of 6 and 270.
6
Calculate the greatest common factor of 12 and 20.
4
Calculate the greatest common factor of 48 and 24.
24
Calculate the greatest common factor of 451 and 11.
11
What is the highest common factor of 111 and 1739?
37
What is the highest common divisor of 910 and 3094?
182
Calculate the highest common factor of 105 and 1197.
21
Calculate the greatest common divisor of 152 and 1159.
19
Calculate the highest common divisor of 666 and 814.
74
Calculate the greatest common factor of 612 and 34.
34
Calculate the highest common factor of 602 and 1118.
86
Calculate the greatest common divisor of 155 and 8618.
31
What is the highest common factor of 1240 and 230?
10
What is the greatest common divisor of 20 and 490?
10
What is the greatest common divisor of 41 and 1312?
41
Calculate the greatest common divisor of 642 and 6527.
107
Calculate the greatest common divisor of 5300 and 20.
20
What is the greatest common divisor of 63 and 525?
21
Calculate the highest common factor of 57 and 375.
3
What is the greatest common divisor of 27 and 63?
9
What is the highest common divisor of 114 and 33706?
38
What is the greatest common divisor of 13 and 16861?
13
Calculate the highest common divisor of 204 and 27438.
102
What is the greatest common divisor of 2176 and 21488?
272
Calculate the greatest common divisor of 327 and 6.
3
Calculate the greatest common divisor of 312 and 48.
24
What is the greatest common divisor of 738 and 126?
18
Calculate the greatest common divisor of 2071 and 19.
19
What is the highest common factor of 40 and 500?
20
What is the greatest common divisor of 40 and 190?
10
What is the highest common factor of 294 and 4536?
42
Calculate the highest common divisor of 43 and 86.
43
Calculate the greatest common factor of 18 and 2502.
18
Calculate the highest common divisor of 12 and 228.
12
What is the greatest common factor of 5380 and 10?
10
What is the greatest common factor of 156 and 118404?
156
Calculate the highest common factor of 31 and 93.
31
What is the highest common factor of 30 and 3390?
30
Calculate the greatest common divisor of 10375 and 25.
25
What is the highest common divisor of 105 and 15?
15
Calculate the highest common divisor of 50 and 40.
10
What is the highest common factor of 77 and 1892?
11
What is the greatest common factor of 105 and 189?
21
Calculate the greatest common factor of 648 and 567.
81
Calculate the greatest common factor of 289 and 17.
17
Calculate the highest common divisor of 4 and 278.
2
What is the greatest common factor of 327 and 109?
109
What is the highest common factor of 96 and 1212?
12
What is the highest common factor of 194 and 2?
2
Calculate the greatest common divisor of 2486 and 2712.
226
What is the greatest common factor of 2590 and 140?
70
What is the greatest common divisor of 11 and 7920?
11
Calculate the greatest common factor of 27 and 4041.
9
Calculate the highest common factor of 41 and 1681.
41
Calculate the highest common factor of 130 and 1060.
10
Calculate the greatest common factor of 928 and 32.
32
What is the greatest common factor of 32 and 800?
32
Calculate the highest common factor of 1056 and 480.
96
What is the greatest common factor of 24 and 88?
8
What is the highest common divisor of 60 and 2500?
20
Calculate the greatest common divisor of 15 and 1335.
15
What is the greatest common factor of 6075 and 81?
81
Calculate the greatest common factor of 217 and 620.
31
Calculate the greatest common factor of 24 and 120.
24
Calculate the greatest common divisor of 1271 and 328.
41
What is the highest common divisor of 210 and 230?
10
Calculate the highest common divisor of 155 and 682.
31
What is the highest common divisor of 904 and 16?
8
What is the highest common factor of 43 and 989?
43
What is the highest common divisor of 18 and 261?
9
Calculate the highest common factor of 17 and 22593.
17
What is the greatest common divisor of 1716 and 88?
44
Calculate the highest common factor of 183 and 305.
61
What is the greatest common divisor of 9 and 81?
9
Calculate the greatest common divisor of 498 and 474.
6
What is the greatest common factor of 23 and 437?
23
Calculate the highest common divisor of 98 and 28.
14
What is the greatest common divisor of 88 and 11?
11
What is the greatest common factor of 375 and 225?
75
Calculate the highest common divisor of 1155 and 15.
15
What is the greatest common divisor of 194 and 1843?
97
What is the greatest common divisor of 620 and 40?
20
Calculate the highest common factor of 63 and 1743.
21
Calculate the greatest common factor of 8565 and 30.
15
What is the greatest common factor of 901 and 53?
53
Calculate the highest common factor of 223 and 32781.
223
Calculate the highest common factor of 1081 and 47.
47
What is the greatest common factor of 244 and 40?
4
What is the highest common factor of 2 and 3?
1
Calculate the highest common factor of 7 and 27118.
7
What is the highest common factor of 8 and 388?
4
Calculate the greatest common factor of 13613 and 1.
1
What is the greatest common divisor of 44 and 40?
4
What is the greatest common divisor of 15211 and 3710?
371
Calculate the greatest common divisor of 19 and 513.
19
Calculate the greatest common factor of 2421 and 63.
9
What is the highest common factor of 93 and 375?
3
What is the highest common divisor of 162 and 135?
27
What is the highest common divisor of 147 and 21?
21
What is the highest common divisor of 6 and 282?
6
What is the greatest common factor of 29 and 97?
1
What is the greatest common divisor of 4039 and 21?
7
Calculate the greatest common divisor of 12 and 1905.
3
What is the greatest common factor of 188 and 4?
4
Calculate the greatest common factor of 2338 and 406.
14
What is the greatest common factor of 135 and 315?
45
Calculate the greatest common factor of 280 and 504.
56
Calculate the highest common divisor of 927 and 9.
9
Calculate the highest common factor of 190 and 38.
38
Calculate the highest common divisor of 88 and 1375.
11
Calculate the highest common factor of 7627 and 58.
29
Calculate the highest common divisor of 609 and 11165.
203
Calculate the greatest common divisor of 150 and 15.
15
What is the highest common factor of 338 and 52?
26
What is the greatest common divisor of 1150 and 50?
50
Calculate the greatest common factor of 176 and 80.
16
Calculate the highest common factor of 6071 and 260.
13
What is the greatest common factor of 343 and 1568?
49
Calculate the greatest common factor of 737 and 67.
67
What is the highest common divisor of 11940 and 60?
60
What is the greatest common factor of 429 and 33?
33
Calculate the highest common divisor of 52 and 5018.
26
What is the greatest common divisor of 115 and 5?
5
Calculate the greatest co